mine a(c).
6
Let l be (-66)/(-9) - (-4)/(-12). Let p(y) = y**3 - 8*y**2 + 10*y - 16. Let n be p(l). Suppose 5*h + 20 = n. Let k(s) = -s**3 - 4*s**2 - s + 4. Determine k(h).
-2
Let b(r) = -3*r**3 + 5*r + 1 + 1 + 6*r**2 + 4*r**3 - 1. Let k be (-32)/(-10) + 1/(-5). Suppose 0 = 3*o + 2*c + 7, -o + 1 = k*c - 6. Calculate b(o).
1
Let k be 4 + (5 + 3)*(-6)/(-4). Let w = k + -17. Let f(d) = 18*d**3 + d**2. Calculate f(w).
-17
Let b(n) = 4*n**2 + 4*n - 2. Let t(q) = -3*q**2 - 2*q + 1. Let f(c) = 5*b(c) + 8*t(c). What is f(3)?
-26
Let w(k) = 21*k**2 + k + 5 - 9*k**2 - 11*k**2. Determine w(3).
17
Let v(r) = -r - 13. Let y be v(7). Let l be (y*1/(-8))/((-1)/2). Let m(a) = -a**3 - 4*a**2 + 4*a - 1. What is m(l)?
4
Let p(i) = -5*i**2 + i**3 + 15 - i**2 - 10 - 6 + 6*i. Determine p(5).
4
Suppose 4*x = -0*r + 3*r - 3, 0 = -x - 5*r + 5. Suppose -w + 3*w + 2 = x. Let a(g) = -8*g**2 - 13*g - 4*g**2 + 7*g + 7*g. What is a(w)?
-13
Let n(t) = t**2 + 9*t + 25. Let q be -1 + 46/(-184) + 38/(-8). What is n(q)?
7
Suppose 17*x - 14*x - 6 = 0. Let h(j) = 7 + j**3 - 10 + 6*j - 7*j**2 + 14*j**x. Determine h(-6).
-3
Let m be 1/3 - 2/6. Let g(u) be the first derivative of u**5/60 - 7*u**3/6 + u**2/2 - u - 20. Let x(q) be the second derivative of g(q). Give x(m).
-7
Suppose -10 = -2*s - 0*s. Suppose -4*j - 59 + 247 = 5*y, 0 = -s*y + 2*j + 206. Suppose 0 = 3*g + 9, 5*u - 8*g - y = -3*g. Let q(v) = v - 3. Calculate q(u).
2
Let k(z) = -z - 13. Suppose w = -2*t + 3, -5*t + 34 = -2*w - t. Calculate k(w).
-6
Let z(q) = 3*q - 10. Let f be z(4). Let x(w) = 8 + 6*w**f - 7*w + w**2 - 6*w**2. Calculate x(6).
2
Let i(f) = f**3 - 9*f**2 - 11*f + 16. Let a be 11 + (-7)/(7 - 0). Give i(a).
6
Suppose 4*c + 2 - 10 = 0. Suppose 0*i + c = -2*i. Let p(r) = -r**3 + 5*r**2 - 2*r + 3. Let j(s) = s**3 - s**2 + s - 1. Let g(v) = 3*j(v) + p(v). Give g(i).
-1
Let t(j) be the second derivative of -j**5/20 + j**4/4 - 5*j**3/6 + 5*j**2/2 + 68*j + 2. Calculate t(2).
-1
Let v be (6/(-4))/((-3)/4). Let b = v + -7. Let p(h) = -3*h + 5. Let c(u) = 10*u - 17. Let s(f) = -2*c(f) - 7*p(f). What is s(b)?
-6
Let v be (-2)/12 + 8755/510. Let q(j) = j + 2. Calculate q(v).
19
Let c(v) be the second derivative of -v**5/20 - 5*v**4/12 - 5*v**3/6 + v**2/2 + 4*v - 21. Determine c(-5).
26
Let b be 20/(-16)*72/(-30). Let g(f) = -6*f**3 - 3*f + 4 + 2*f**3 - 3*f**2 + 5*f**3. Calculate g(b).
-5
Let d(c) be the first derivative of c**3/3 + 6*c**2 + 8*c + 54. Calculate d(-9).
-19
Let r = -8 + 17. Let o(l) = 5 + 0 - l**2 + 8*l + r*l - 22*l. Calculate o(-6).
-1
Let b(n) = 5*n - 5. Suppose -5*x - 2*j - 2*j = -80, j = 0. Let q(y) = -26*y + 26. Let o(z) = x*b(z) + 3*q(z). Determine o(3).
4
Suppose 0 = -3*b - 8 + 26. Let c(m) = 1 + m**2 - 2 - b*m - 1 + 0. Give c(4).
-10
Suppose -3*n + 3*h - 7 - 17 = 0, n - 5*h = 12. Suppose 2*i + 17 + 7 = 0. Let f = n - i. Let u(r) = -4*r**3 + r**2 - 1. What is u(f)?
4
Let j(p) = 2*p + 4. Suppose 3*m + f + 17 = -0*f, 3*m - 5*f + 41 = 0. Let b = 7 + m. Let y = b - 5. Give j(y).
-6
Let s(w) = -47 + 39 - 90*w + 87*w. Calculate s(-5).
7
Let r(n) = -n**3 - 6*n**2 - 6*n + 2. Let o = 117 - 108. Suppose 15 = -5*p + 5*j, -p - 2*j - o = -0*j. Determine r(p).
7
Let a(x) = -6 - x**2 - 4*x - 1 + 11*x. Let v(h) = h**2 + 3*h - 4. Let u be v(-6). Let w = u - 8. Calculate a(w).
-1
Suppose m + 2*c + 3 = 4, 8 = 2*m - 2*c. Let r(t) = 62*t - 28*t + m*t**2 - 37*t + t**3 - 1. Give r(-3).
8
Suppose -21 = -9*n + 861. Let o = -96 + n. Let t(s) = -2*s**3 + 2*s**2 - 2*s - 2. What is t(o)?
-14
Let i(f) = -f - 8. Let w be i(-8). Suppose -2*l - 37 = -5*l - 4*q, -4*q + 16 = w. Let k(r) = r**3 - 7*r**2 - 4. Calculate k(l).
-4
Let r(f) = -f**2 + 7*f + 7. Let k be r(7). Let d(v) = -8*v**2 + k*v**2 - v**3 + 3*v - 3 + 2*v**2. Calculate d(2).
-1
Let z(g) be the third derivative of 7*g**4/24 + 40*g**3/3 - 228*g**2. Give z(-11).
3
Let p(s) = -s**2 + 5*s + 1. Let z(w) = -2*w**2 + 11*w + 1. Let x(d) = 7*p(d) - 3*z(d). Suppose 60 = -173*o + 185*o. What is x(o)?
-11
Let j(r) = -r**3 + 10*r**2 - 9*r + 10. Suppose -34 = 10*p - 124. Give j(p).
10
Let h(l) = -4*l**2 - 6*l + 4. Suppose -18 = 2*n + 3*d, -42*n - 5*d - 5 = -47*n. Determine h(n).
-14
Suppose -7*w - 72 = -79. Let n(j) = -22*j**3 + 2*j - 1. What is n(w)?
-21
Let u(z) = -z - 3. Let v(a) = a**2 + 5*a - 10. Let g be v(-5). Let p(s) = -2*s**2 - 3*s - 1. Let o be p(-3). Let x = o - g. Calculate u(x).
-3
Let f(j) be the third derivative of 0*j + 0*j**3 - 1/24*j**4 + 0 + 6*j**2. Suppose 0 = -4*d + 3*d - 3. What is f(d)?
3
Let p(d) = d**2 - 9*d + 16. Let z be (-7)/((-30)/6 + 4). What is p(z)?
2
Suppose w - 6*w + 14 = 2*k, k = -4*w + 13. Let t(c) be the second derivative of -c**5/20 - c**4/6 + 2*c**3/3 - c**2/2 - 51*c. Calculate t(k).
-4
Let o(a) = 10*a - 1 - 13 - 3*a - 6*a. Calculate o(7).
-7
Let c(v) = 2*v + 3. Let w be -4 + (-3 - (-2 + 10)). Let d be 165/25 - 6/w. Give c(d).
17
Suppose -24 = -2*b - 4. Let w(p) = b - 3 - 2*p - p**2 + 4*p. What is w(6)?
-17
Let g(m) = -m**3 - 3*m**2 - m. Let v = -1393 + 1389. What is g(v)?
20
Let v(m) = 6*m**3 + m. Let c be v(1). Suppose 5 = r + c. Let a(z) = 3*z**3 + 4*z**2 + z - 2. Give a(r).
-12
Suppose -2*j = 4*n + 12, -3*n = -6*n - 3. Let m(z) be the third derivative of 1/6*z**3 + 0*z - 2*z**2 + 0 - 1/12*z**4. Calculate m(j).
9
Let f(o) = 5*o**3 + 16*o**2 + 11*o - 35. Let h(g) = 2*g**3 + 6*g**2 + 4*g - 12. Let d(x) = -3*f(x) + 8*h(x). Calculate d(0).
9
Suppose 23 - 22 = -o. Let c(r) = -r - 8. Let g(i) = -1. Let p(n) = o*c(n) + 5*g(n). Calculate p(0).
3
Let s(z) = 13*z**2 - 9*z**2 + 4*z**2. Let k be s(-1). Let d be 2/8 + 54/k. Let f(c) = -c + 4. Determine f(d).
-3
Let r = 227 - 226. Let i(t) = 20*t - 1. Calculate i(r).
19
Let x(s) = 3*s**3 - 14*s + 22. Let g(d) = -d**3 + 5*d - 8. Let k(z) = -11*g(z) - 4*x(z). What is k(-3)?
24
Let x = 8 + -6. Let k(j) be the second derivative of -j**5/10 + j**4/6 + j**3/6 - j**2 - 2*j - 70. Determine k(x).
-8
Let x(p) = p**2 + 5*p + 3. Let w be x(-5). Let h(u) = w - u**2 + 0*u**2 - 2*u + 2*u**2 - 2. Let b(m) = -m - 3. Let d be b(-4). Determine h(d).
0
Let q(z) = z**3 - z**2 + z. Suppose 1 = s + 4*w + w, w + 4 = 4*s. Let r(o) = -3*o**3 - 6*o**2 + 8*o + 1. Let y(p) = s*r(p) - 6*q(p). What is y(-1)?
8
Let m(k) = -k**2 + 4*k + 6. Let b be m(6). Let s be 2 + b - (1 - 1). Let a(h) = h**2 + 5*h. Calculate a(s).
-4
Suppose -3*o + 7 = -2. Let l(r) = 4*r**2 + 20*r - 2. Let g(a) = 5*a**2 + 24*a - 3. Let i(p) = 5*g(p) - 6*l(p). Give i(o).
6
Let t(j) = -8 - j + 3 + 1 + 7. What is t(11)?
-8
Let v(g) be the second derivative of g**3 + 11*g**2/2 - 335*g - 1. Determine v(-1).
5
Let z(n) be the first derivative of -4*n**2 + 5*n - 156. Determine z(1).
-3
Let t(k) = 7*k**3 - 3*k**2 + 17*k + 4. Let g(d) = -d**3 - 4*d. Let b(z) = -6*g(z) - t(z). Determine b(5).
-19
Let c = 282 - 284. Let k(d) = -2*d**3 + 3*d**2 + 3*d + 1. Calculate k(c).
23
Suppose j = -1 + 34. Let z = -39 + 57. Let h(i) = -j + 14 - 10*i + z. What is h(-1)?
9
Let h(v) = 2*v**2 - v. Let k be h(2). Let t(q) = -q**3 - 4*q**2 - 2*q + q + 10*q**2 + 1. Calculate t(k).
-5
Let y = 27 - 24. Let k(w) = 3 + 2 + 2 - y*w. Determine k(6).
-11
Let a(h) = 19*h. Let y(z) = -8*z. Let w(f) = -6*a(f) - 13*y(f). Give w(2).
-20
Let w = -9 - -7. Let y = -3 - w. Let n be y + -1 - (-7 - -1). Let t(m) = m**2 - 6*m + 4. Determine t(n).
-4
Suppose 2*h - 10 = 2*v, -2*h - 5*v + 6 = -4. Let t(w) = -23*w - 22. Let o be t(-3). Let i(d) = -23 + o + d - 23. Determine i(h).
6
Let n(f) = 7*f**2 + 2*f - 3 - 18*f**3 + 6*f**3 + f + 11*f**3. What is n(7)?
18
Let w(t) = t - 198*t**2 + 4 + 201*t**2 - 4 + 0 - 1. Suppose 1 = -s + 2*s. What is w(s)?
3
Let s(z) = -73*z**3 + 5*z**2 + 2*z - 7. Let l(h) = 110*h**3 - 8*h**2 - 3*h + 11. Let t(v) = -5*l(v) - 8*s(v). Determine t(1).
34
Suppose 16 = -4*l - 0. Let d be (-2 - l)*(-25)/(-10). Let p(v) = -v**2 + 6*v + 5. What is p(d)?
10
Let s(v) = -v**2 - 14*v - 2. Let f(n) be the second derivative of -n**3/6 + 11*n. Let t(b) = 6*f(b) - s(b). Determine t(-6).
-10
Let t(f) be the first derivative of -5*f**4/4 - f**3/3 + 2*f**2 + 3*f + 95. What is t(-2)?
31
Let m(p) = -p - 1. Let c(q) = 5*q - 3*q - q. Let b(g) = 6*c(g) + 5*m(g). Let w(f) = f**3 - f**2 - 30*f + 5. Let r be w(6). What is b(r)?
0
Let c(t) = -t**3 - t**2. Let p be ((-6)/(-2))/(9/9). Let j(o) = 4*o + o - p - 4*o + 8. Let l 